62*h - 387. What is p(-8)?
109
Let z(u) = -u**3 - 32*u**2 + 32*u - 23. Calculate z(-33).
10
Let m(f) = -f**3 + 110*f**2 - 218*f + 126. What is m(108)?
-90
Let k(t) = -t**3 - 9*t**2 - 20*t - 15. What is k(-8)?
81
Let n(s) = 2*s**2 + 146*s - 1038. Give n(-81).
258
Let m(k) = 271*k + 51216. Determine m(-189).
-3
Let l(i) = i**2 + 25*i - 1208. Give l(25).
42
Let g(a) = -14*a**3 - 575*a**2 - 40*a + 34. Calculate g(-41).
-7
Let p(r) = 117*r + 772. Give p(-7).
-47
Let r(n) = n**3 + 8*n**2 + 34*n + 84. What is r(-5)?
-11
Let m(b) = 9516*b - 19039. Calculate m(2).
-7
Let l(w) = -2*w**2 - 12*w + 43. Calculate l(-9).
-11
Let p(f) = -3*f**2 + 457*f - 1357. Determine p(3).
-13
Let o(x) = -2*x**3 + 86*x**2 - 3*x - 11. What is o(43)?
-140
Let z(q) = -q**3 + 119*q**2 + 239*q + 379. Calculate z(121).
16
Let j(a) = 2*a**3 + 23*a**2 + 60*a - 9. Calculate j(-7).
12
Let y(d) = d**3 - 3*d + 22. Give y(6).
220
Let m(u) = -2*u**3 - 13*u**2 - 32*u - 104. Give m(-6).
52
Let l(b) = -b**3 - 20*b**2 - 108*b - 85. Determine l(-11).
14
Let q(o) = o**3 + 2*o**2 - o + 9. Give q(0).
9
Let o(u) = -u**3 - u**2 - 4*u + 8. What is o(-5)?
128
Let c(m) = 32*m**3 + 5*m + 2. What is c(-2)?
-264
Let n(j) = -354*j - 696. Determine n(-2).
12
Let u(p) = p**3 - 8*p**2 - 14*p + 151. What is u(5)?
6
Let j(q) = -3*q**2 - 17*q - 51. Calculate j(-3).
-27
Let m(p) = -17*p**2 + 166*p - 255. Determine m(8).
-15
Let r(z) = -z**3 + 44*z**2 + 242*z + 129. Give r(49).
-18
Let n(z) = 2950*z + 94415. Give n(-32).
15
Let w(b) = -b**3 + 15*b**2 + 13*b + 27. Calculate w(16).
-21
Let w(m) = -m**3 + 44*m**2 - 40*m - 100. Calculate w(43).
29
Let r(m) = -m**2 - 23*m - 114. Determine r(-16).
-2
Let g(b) = -b**3 - 11*b**2 + 13*b - 3. What is g(-9)?
-282
Let a(m) = m**2 + 368*m - 260. Give a(0).
-260
Let v(p) = p**2 + 44*p - 460. What is v(9)?
17
Let v(z) = -16*z - 214. Give v(-13).
-6
Let f(r) = -13*r - 22. Determine f(14).
-204
Let i(s) = -s**2 + 2*s - 1. Determine i(-2).
-9
Let i(w) = 17*w**3 + 8*w**2 - 47*w + 83. Calculate i(2).
157
Let o(g) = -34*g - 78. Give o(-3).
24
Let c(o) = 87*o + 875. What is c(-10)?
5
Let d(a) = a**2 - 64*a + 528. Determine d(10).
-12
Let u(o) = -o**3 - 3*o**2 - 56*o + 2. What is u(0)?
2
Let y(q) = -q**2 - 72*q - 2. Determine y(0).
-2
Let f(o) = -110*o - 8406. Calculate f(-76).
-46
Let q(l) = 577*l - 20781. Calculate q(36).
-9
Let r(v) = v**2 - 69*v + 83. Determine r(68).
15
Let q(m) = m**3 - 67*m**2 + 254*m - 45. Calculate q(63).
81
Let m(i) = -5993*i + 29965. Give m(5).
0
Let t(i) = 302*i - 49. Give t(-1).
-351
Let x(f) = 169*f + 37531. Calculate x(-222).
13
Let t(s) = 971*s + 972. Calculate t(-1).
1
Let x(a) = -a**2 + 47*a + 642. What is x(-11)?
4
Let z(l) = l**3 + 7*l**2 + 16*l + 50. Determine z(-6).
-10
Let s(q) = q**3 - 10*q**2 - 69*q - 22. Give s(15).
68
Let v(d) = -8*d**3 - 143*d**2 - 122*d - 53. Calculate v(-17).
-2
Let s(p) = -9*p - 11. What is s(8)?
-83
Let o(n) = -145*n + 3714. Calculate o(25).
89
Let j(i) = -2*i**2 - 25*i - 16. What is j(-9)?
47
Let j(n) = -11*n**2 - 9*n - 13. Give j(-2).
-39
Let g(s) = s**2 - 21*s - 36. Give g(13).
-140
Let d(l) = -2*l**3 - 34*l**2 - 96*l - 13. What is d(-13)?
-117
Let i(b) = -b**3 + 27*b**2 - 87*b - 70. What is i(23)?
45
Let z(d) = 3*d**2 - 20*d - 40. Determine z(6).
-52
Let d(z) = z**3 + 6*z**2 + 74*z + 339. Determine d(-5).
-6
Let h(c) = -341*c + 1005. Give h(3).
-18
Let o(k) = -2*k**2 + 17*k + 114. Calculate o(12).
30
Let q(d) = -d - 89. What is q(-9)?
-80
Let h(z) = 4*z**3 + 126*z**2 + 64*z + 55. Give h(-31).
-7
Let c(p) = 12*p**2 + 144*p - 543. What is c(3)?
-3
Let i(o) = 9*o - 147. Calculate i(18).
15
Let n(g) = 17*g**2 + 9*g + 8. Give n(-2).
58
Let t(l) = -8*l**2 + 21*l - 6. Calculate t(0).
-6
Let s(q) = q**2 + 52*q - 267. Determine s(-45).
-582
Let r(s) = 4*s**2 + 744*s - 1489. Determine r(2).
15
Let s(k) = -34*k - 705. Give s(-21).
9
Let k(y) = 198*y + 399. Give k(-2).
3
Let d(v) = -v**3 - 47*v**2 + 389*v + 587. Determine d(-54).
-7
Let i(o) = -23*o + 40. Give i(0).
40
Let b(p) = -107*p + 516. Give b(4).
88
Let o(q) = 818*q + 355. What is o(-1)?
-463
Let i(x) = x**3 - 95*x**2 - 205*x + 1057. Determine i(97).
-10
Let n(l) = -l**3 + 6*l**2 + 19*l - 135. Give n(6).
-21
Let f(x) = -x**2 - 86*x + 2249. Determine f(21).
2
Let y(z) = z**3 - 8*z**2 - 5*z - 4. Calculate y(8).
-44
Let g(h) = h**3 - 8*h**2 + 12*h - 13. Calculate g(7).
22
Let b(n) = 64*n**2 + 41*n + 99. What is b(-2)?
273
Let o(y) = y**3 - 7*y**2 - 93*y + 48. Calculate o(-7).
13
Let q(m) = -13*m + 36. Calculate q(-14).
218
Let l(y) = -81*y + 2990. What is l(37)?
-7
Let v(d) = d**2 - 20*d - 1897. Calculate v(-34).
-61
Let d(j) = 5*j**2 - 75*j - 129. What is d(19)?
251
Let h(f) = 3*f**2 + 4*f - 54. Determine h(-7).
65
Let a(b) = b**3 - 16*b**2 - 34*b - 45. What is a(18)?
-9
Let z(r) = -148*r - 9624. What is z(-65)?
-4
Let b(g) = 10*g**3 - 71*g**2 + 7*g + 2. Calculate b(7).
2
Let h(p) = -104*p + 13341. Calculate h(128).
29
Let j(h) = h + 73. Give j(-26).
47
Let j(m) = -m**3 - 30*m**2 - 41*m - 336. Give j(-29).
12
Let f(y) = -y**2 + 83*y + 1585. Give f(-16).
1
Let w(y) = -3*y**3 + 26*y**2 - 561*y + 7023. What is w(11)?
5
Let d(h) = -14*h - 187. Give d(-9).
-61
Let b(m) = m**2 - 241*m - 67. What is b(0)?
-67
Let a(i) = -2*i**2 + 122*i - 1681. Determine a(40).
-1
Let q(b) = 6*b**2 + 30*b - 143. Give q(4).
73
Let j(v) = -v**2 + 3*v + 231. Determine j(16).
23
Let g(o) = o**2 - 47*o - 68885. Determine g(287).
-5
Let m(p) = 3*p**3 + 8*p**2 - 7*p - 111. Give m(-6).
-429
Let x(j) = j**2 - 56*j + 679. What is x(17)?
16
Let q(c) = 2*c**3 - 15*c**2 - 112*c + 50. Determine q(-5).
-15
Let r(d) = -d**3 + 45*d + 327. Calculate r(9).
3
Let z(d) = 3*d**3 + 9*d**2 - 35*d + 199. What is z(5)?
624
Let t(o) = 31*o + 254. Calculate t(-7).
37
Let s(h) = 17*h**2 - 10*h - 123. What is s(0)?
-123
Let g(b) = -b**3 - 64*b**2 - 3*b - 189. What is g(-64)?
3
Let m(l) = 89*l + 1208. Calculate m(-14).
-38
Let c(r) = 8*r**2 + 396*r + 786. Give c(-2).
26
Let g(d) = 3*d**3 - 4*d**2 - 340*d + 692. Calculate g(2).
20
Let p(n) = 730*n - 13. Calculate p(-1).
-743
Let v(u) = u**2 - 16*u + 65. Give v(15).
50
Let h(v) = v**3 + 47*v**2 + 415*v - 83. What is h(-12)?
-23
Let y(v) = 226*v - 1568. Determine y(7).
14
Let w(v) = -v**2 + 24*v - 200. Calculate w(12).
-56
Let h(d) = d**2 - 152*d - 1131. What is h(-7)?
-18
Let m(p) = -p**3 - 10*p**2 - 23*p - 6. What is m(-7)?
8
Let y(b) = 15*b**2 - 148*b + 144. What is y(8)?
-80
Let u(c) = 23*c + 113. Give u(11).
366
Let c(b) = 395*b - 13863. What is c(35)?
-38
Let z(m) = -82*m**2 - 28*m - 29. What is z(-1)?
-83
Let u(j) = 279*j + 1121. Give u(-4).
5
Let y(k) = 575*k - 6871. Calculate y(12).
29
Let i(n) = -n**3 - 9*n**2 - 21*n - 12. What is i(-6)?
6
Let d(h) = -3*h + 189. What is d(36)?
81
Let i(n) = -10*n**2 - 340*n - 23. Give i(-35).
-373
Let l(u) = -u**3 + 8*u**2 + 111*u - 490. Determine l(4).
18
Let g(s) = -16*s**2 - 91*s - 2. Calculate g(-6).
-32
Let g(i) = 309*i - 1091. Calculate g(4).
145
Let g(y) = 7662*y + 429071. What is g(-56)?
-1
Let u(n) = 2*n**3 - 35*n**2 + 37*n + 10. Determine u(16).
-166
Let r(q) = -2*q**2 + 22*q - 44. Determine r(2).
-8
Let j(z) = z**3 - 7*z**2 - 59*z + 396. Determine j(6).
6
Let k(y) = 394*y - 1597. Give k(4).
-21
Let k(i) = 2*i**2 - 93*i + 1066. What is k(26)?
0
Let s(j) = 141*j**2 + 3946*j - 63. What is s(-28)?
-7
Let q(w) = 58*w + 1552. Determine q(-27).
-14
Let f(t) = 170*t + 1258. Calculate f(-8).
-102
Let v(p) = -64*p**2 - 1389*p + 55. Give v(-22).
-363
Let f(x) = -2*x**2 - 4*x + 64. Determine f(4).
16
Let m(a) = -7*a**3 + 12*a**2 + 7*a - 10. Calculate m(3).
-70
Let f(w) = -2*w**3 - 24*w**2 - 2*w + 3. Determine f(-12).
27
Let o(b) = -b**3 - 8*b**2 + 33*b + 26. Give o(-11).
26
Let n(v) = v**3 + 36*v**2 - 33*v + 34. What is n(-37)?
-114
Let u(q) = -q**3 + 45*q**2 + 3*q + 571. Calculate u(45).
706
Let m(u) = -15*u + 77. Calculate m(6).
-13
Let i(q) = -108*q + 1400. What is i(13)?
-4
Let m(x) = -6*x**2 - 174*x + 164. Give m(-30).
-16
Let f(p) = p**3 + 10*p**2 + 10*p - 36. Calculate f(-7).
41
Let z(u) = 4*u**3 - 26*u**2 - 47*u - 14. Calculate z(8).
-6
Let j(t) = -t**2 - 284*t - 15661. What is j(-209)?
14
Let b(y) = 5*y**2 + 282*y - 116. What is b(-57)?
55
Let k(v) = -12*v**3 - 2*v**2 - 30*v - 4. What is k(-3)?
392
Let o(f) = 79*f**2 - 38*